vert 200 (base 9) to base 2.
10100010
What is 441 (base 5) in base 8?
171
What is -11 (base 3) in base 9?
-4
Convert 14 (base 11) to base 13.
12
What is -30 (base 6) in base 7?
-24
What is -6 (base 13) in base 16?
-6
What is -101110011 (base 2) in base 12?
-26b
What is 9 (base 14) in base 5?
14
Convert -20 (base 3) to base 16.
-6
What is 1000 (base 2) in base 8?
10
-14 (base 9) to base 8
-15
110 (base 3) to base 11
11
455 (base 6) to base 16
b3
-12 (base 15) to base 10
-17
What is -1b (base 16) in base 10?
-27
Convert 130 (base 6) to base 14.
3c
11 (base 3) to base 13
4
201 (base 8) to base 10
129
5 (base 15) to base 5
10
Convert -1021 (base 3) to base 2.
-100010
1110 (base 2) to base 5
24
Convert -35 (base 6) to base 15.
-18
What is -3 (base 6) in base 15?
-3
Convert 5 (base 7) to base 15.
5
5 (base 11) to base 12
5
What is 1 (base 8) in base 10?
1
What is 100 (base 2) in base 7?
4
9 (base 11) to base 13
9
-344 (base 5) to base 12
-83
Convert 0 (base 16) to base 5.
0
What is -311 (base 9) in base 12?
-191
Convert -111 (base 5) to base 15.
-21
Convert 4 (base 8) to base 14.
4
Convert -b (base 15) to base 12.
-b
Convert 20 (base 4) to base 11.
8
Convert 4 (base 14) to base 16.
4
Convert 114 (base 7) to base 8.
74
-26 (base 11) to base 3
-1001
Convert 2 (base 9) to base 13.
2
Convert -16 (base 7) to base 13.
-10
What is -4 (base 16) in base 10?
-4
Convert 39 (base 13) to base 6.
120
Convert 4 (base 13) to base 16.
4
106 (base 7) to base 11
50
-2213 (base 4) to base 16
-a7
Convert 5 (base 14) to base 7.
5
What is 16 (base 12) in base 2?
10010
-53 (base 6) to base 3
-1020
-55 (base 12) to base 14
-49
2 (base 11) to base 14
2
12 (base 16) to base 4
102
-300 (base 6) to base 5
-413
Convert -4 (base 11) to base 9.
-4
What is -101 (base 11) in base 3?
-11112
Convert -102 (base 4) to base 3.
-200
Convert 2 (base 8) to base 11.
2
Convert 2 (base 9) to base 8.
2
14 (base 13) to base 3
122
Convert -1 (base 6) to base 3.
-1
Convert -30 (base 16) to base 7.
-66
101 (base 2) to base 16
5
What is 2 (base 11) in base 7?
2
146 (base 8) to base 16
66
7 (base 12) to base 9
7
Convert -98 (base 12) to base 14.
-84
What is -212 (base 9) in base 11?
-148
What is -3 (base 10) in base 14?
-3
214 (base 10) to base 14
114
What is -30 (base 7) in base 11?
-1a
What is 44 (base 7) in base 8?
40
What is -31 (base 12) in base 13?
-2b
Convert -14 (base 15) to base 13.
-16
Convert 0 (base 16) to base 14.
0
-503 (base 6) to base 3
-20210
-22 (base 8) to base 5
-33
-4 (base 11) to base 2
-100
Convert -10100 (base 2) to base 16.
-14
Convert 2 (base 11) to base 15.
2
Convert 1a4 (base 12) to base 9.
327
-1 (base 10) to base 5
-1
Convert 23 (base 6) to base 16.
f
Convert -66 (base 12) to base 15.
-53
Convert 28 (base 12) to base 4.
200
2 (base 7) to base 13
2
-31a (base 11) to base 12
-280
2 (base 11) to base 4
2
Convert 10b (base 13) to base 7.
345
What is 1e (base 16) in base 6?
50
Convert -104 (base 7) to base 13.
-41
Convert -209 (base 13) to base 6.
-1335
Convert 532 (base 6) to base 14.
104
172 (base 8) to base 16
7a
What is c7 (base 15) in base 10?
187
-5 (base 7) to base 11
-5
106 (base 7) to base 10
55
-3 (base 12) to base 11
-3
121 (base 5) to base 15
26
Convert -30 (base 12) to base 13.
-2a
What is -5 (base 8) in base 6?
-5
What is 1 (base 9) in base 13?
1
-34 (base 9) to base 13
-25
What is 54 (base 15) in base 3?
2221
1 (base 6) to base 11
1
What is 50 (base 13) in base 4?
1001
Convert 100 (base 5) to base 15.
1a
What is 34 (base 14) in base 9?
51
Convert -14 (base 5) to base 16.
-9
-2013 (base 5) to base 8
-402
What is -12 (base 7) in base 6?
-13
-31 (base 4) to base 14
-d
What is -6 (base 9) in base 10?
-6
What is 55 (base 6) in base 14?
27
Convert -125 (base 8) to base 11.
-78
Convert -b (base 13) to base 12.
-b
What is -2 (base 3) in base 10?
-2
-10 (base 4) to base 12
-4
Convert 99 (base 14) to base 10.
135
Convert -10 (base 5) to base 13.
-5
What is 1 (base 11) in base 5?
1
What is -82 (base 11) in base 5?
-330
What is -111 (base 2) in base 11?
-7
What is -3 (base 6) in base 5?
-3
What is -3 (base 9) in base 15?
-3
What is -111 (base 4) in base 2?
-10101
Convert -7 (base 10) to base 6.
-11
6 (base 12) to base 15
6
Convert 242 (base 5) to base 6.
200
77 (base 15) to base 5
422
-100 (base 2) to base 9
-4
Convert 76 (base 12) to base 5.
330
What is -2 (base 5) in base 6?
-2
Convert -2 (base 7) to base 11.
-2
What is 121 (base 5) in base 9?
40
Convert -8 (base 15) to base 2.
-1000
38 (base 12) to base 10
44
-10110100 (base 2) to base 4
-2310
What is 26 (base 12) in base 2?
11110
Convert -3 (base 16) to base 4.
-3
100 (base 4) to base 12
14
What is -1020 (base 4) in base 8?
-110
-124 (base 6) to base 2
-110100
What is 1 (base 5) in base 8?
1
Convert 46 (base 12) to base 3.
2000
Convert 80 (base 11) to base 4.
1120
Convert -4a (base 16) to base 11.
-68
What is -10 (base 11) in base 6?
-15
What is 1 (base 11) in base 15?
1
What is 0 (base 5) in base 13?
0
What is -a (base 12) in base 4?
-22
What is -420 (base 6) in base 5?
-1111
What is -7 (base 14) in base 7?
-10
b1 (base 15) to base 6
434
Convert 232 (base 5) to base 13.
52
7 (base 15) to base 16
7
13 (base 15) to base 13
15
What is 0 (base 12) in base 15?
0
What is 20100 (base 3) in base 2?
10101011
What is 0 (base 9) in base 8?
0
b8 (base 14) to base 4
2202
47 (base 13) to base 5
214
Convert -1 (base 3) to base 15.
-1
What is -3f (base 16) in base 5?
-223
Convert 3 (base 11) to base 15.
3
What is 5 (base 8) in base 9?
5
What is 152 (base 6) in base 16?
44
What is -1 (base 6) in base 14?
-1
4 (base 15) to base 5
4
What is -41 (base 7) in base 10?
-29
234 (base 7) to base 2
1111011
What is 11 (base 14) in base 12?
13
-16 (base 9) to base 10
-15
Convert 0 (base 7) to base 11.
0
Convert 4 (base 16) to base 6.
4
Convert -227 (base 8) to base 3.
-12121
Convert -120 (base 13) to base 2.
-11000011
Convert -5 (base 14) to base 4.
-11
4 (base 12) to base 5
4
What is 12 (base 3) in base 8?
5
-3a (base 16) to base 12
-4a
100 (base 2) to base 8
4
What is 1 (base 11) in base 13?
1
Convert -9 (base 16) to base 10.
-9
What is -2 (base 7) in base 14?
-2
10 (base 16) to base 10
16
What is -4 (base 16) in base 10?
-4
What is -28 (base 12) in base 7?
-44
91 (base 12) to base 14
7b
Convert -3 (base 10) to base 2.
-11
Convert 50 (base 8) to base 4.
220
Convert 2 (base 7) to base 13.
2
Convert -102 (base 3) to base 15.
-b
What is 1f (base 16) in base 4?
133
Convert 0 (base 3) to base 9.
0
What is -7 (base 10) in base 16?
-7
Convert 1 (base 8) to base 7.
1
5 (base 6) to base 14
5
2 (base 6) to base 13
2
What is -12 (base 4) in base 15?
-6
-1010 (base 2) to base 11
-a
Convert 3 (base 12) to base 14.
3
b (base 13) to base 9
12
What is 26 (base 7) in base 11?
19
Convert 0 (base 10) to base 3.
0
What is 40 (base 14) in base 6?
132
0 (base 7) to base 5
0
Convert -40 (base 8) to base 3.
-1012
-9 (base 16) to base 2
-1001
What is 222 (base 4) in base 3?
1120
-6 (base 13) to base 10
-6
121 (base 5) to base 15
26
2112 (base 5) to base 6
1150
What is -18a (base 15) in base 6?
-1351
What is -23 (base 7) in base 16?
-11
Convert -126 (base 7) to base 4.
-1011
-2 (base 3) to base 10
-2
What is 3 (base 5) in base 10?
3
What is 3 (base 9) in base 15?
3
What is 554 (base 6) in base 4?
3112
Convert -1 (base 2) to base 13.
-1
4 (base 14) to base 5
4
Convert -6 (base 8) to base 11.
-6
Convert -4 (base 12) to base 9.
-4
Convert 0 (base 4) to base 16.
0
3a (base 13) to base 16
31
Convert -39 (base 16) to base 6.
-133
What is 10 (base 10) in base 11?
a
Convert -220 (base 5) to base 14.
-44
What is 67 (base 10) in base 2?
1000011
What is -201 (base 4) in base 2?
-100001
What is -12 (base 8) in base 6?
-14
Convert -7 (base 12) to base 8.
-7
-cd (base 16) to base 2
-11001101
112 (base 8) to base 11
68
Convert 6 (base 9) to base 11.
6
What is 0 (base 12) in base 13?
0
What is -38 (base 12) in base 6?
-112
1 (base 14) to base 6
1
Convert 1 (base 4) to base 7.
1
Convert 5 (base 13) to base 3.
12
3 (base 9) to base 14
3
Convert -233 (base 4) to base 6.
-115
What is -3 (base 6) in base 14?
-3
What is 1 (base 7) in base 3?
1
-11 (base 10) to base 8
-13
Convert -1 (base 4) to base 14.
-1
What is 131 (base 5) in base 9?
45
What is 10 (base 14) in base 3?
112
3 (base 16